t is 0 - 1002120122200?
-1002120122200
In base 16, what is -86 - 4699dc?
-469a62
In base 11, what is 4661 - 2619?
2043
In base 6, what is -15 + 1024102022?
1024102003
In base 16, what is 8 + -23c2?
-23ba
In base 15, what is -2 + -1b9e22?
-1b9e24
In base 12, what is 5 - -188b514?
188b519
In base 11, what is 6735 - -20a9?
8833
In base 10, what is 2 - -39408390?
39408392
In base 5, what is 302430 + 3332?
311312
In base 15, what is -126a8 + -75?
-1272d
In base 5, what is 12322 + -4114443?
-4102121
In base 15, what is -bc + 621a?
614d
In base 12, what is 50 + 267a0?
26830
In base 7, what is -3625320 + -5623?
-3634243
In base 5, what is 20 - 213323101?
-213323031
In base 6, what is 50115131 - 1?
50115130
In base 4, what is 10003122321 - 10?
10003122311
In base 5, what is 1023311112233 + -2?
1023311112231
In base 11, what is 3 + 14342a?
143432
In base 9, what is -22835108 - -5?
-22835103
In base 7, what is 3 - -10445120435?
10445120441
In base 15, what is -9952c - -6?
-99526
In base 9, what is 68383445 - 2?
68383443
In base 12, what is 108 - -7b2b?
8037
In base 12, what is 4 - -b794b8?
b79500
In base 4, what is 2 - 132300321322?
-132300321320
In base 14, what is -d6a58b + 5?
-d6a586
In base 14, what is -598a1d - 1?
-598a20
In base 11, what is 1265718a3 + 4?
1265718a7
In base 11, what is -6707961 + -6?
-6707967
In base 13, what is -763 + -a933b?
-a9aa1
In base 6, what is 3 + -13524233231?
-13524233224
In base 6, what is -13152 - -1045223?
1032031
In base 16, what is d9fe - -52?
da50
In base 14, what is -67a04 - a?
-67a10
In base 15, what is 77c38d - 22?
77c36b
In base 6, what is -441242355 + -11?
-441242410
In base 9, what is 3021 - 275073?
-272052
In base 9, what is -4 - -621050?
621045
In base 10, what is -629982602 - 5?
-629982607
In base 2, what is 1001000 + 1001110100010000011?
1001110100011001011
In base 6, what is 3553 - 1314555?
-1311002
In base 2, what is -11010 + 111100011111001111101?
111100011111001100011
In base 6, what is -10 - -223453?
223443
In base 7, what is -226 - 54630116?
-54630345
In base 7, what is -2215306 + -1223?
-2216532
In base 14, what is -3 + 865070?
86506b
In base 2, what is 11 - -100010010111101111110?
100010010111110000001
In base 3, what is 10000200 + -100222011?
-20221111
In base 4, what is 2 - -12313230133?
12313230201
In base 9, what is 2347147 + 2?
2347150
In base 3, what is -1020102 + -12201111?
-20221220
In base 6, what is -210113 + 1252245?
1042132
In base 12, what is -3 + 2090739?
2090736
In base 4, what is 122321012002 - 11?
122321011331
In base 16, what is 43 - -1a59a?
1a5dd
In base 16, what is -a32b + -26a4?
-c9cf
In base 12, what is -2 + 12b8005?
12b8003
In base 7, what is 123232253 - 16?
123232234
In base 15, what is 8590b + -b0?
8584b
In base 3, what is 11102022 - 102010210?
-20201111
In base 10, what is 209421 + -218?
209203
In base 2, what is 10001 - -111111011100001010010?
111111011100001100011
In base 8, what is 42334 - -2422?
44756
In base 4, what is -1 + -300013021033?
-300013021100
In base 12, what is 184 + -3816?
-3652
In base 7, what is 6 + -325324553?
-325324544
In base 9, what is 186 - 667046?
-666750
In base 12, what is 9a378 + 4?
9a380
In base 9, what is -185067617 + 0?
-185067617
In base 7, what is -4431205 + 100?
-4431105
In base 8, what is -3 - 77674123?
-77674126
In base 9, what is 0 + 271603337?
271603337
In base 14, what is 333d - -567?
38a6
In base 14, what is -a257 - -94bd?
-b78
In base 13, what is -352b75 + 7a?
-352ac8
In base 8, what is 6567271714 + -1?
6567271713
In base 7, what is 40311562 - 5?
40311554
In base 9, what is -4 - -60517477?
60517473
In base 11, what is -3726a - -127?
-37143
In base 16, what is -30ea + 148?
-2fa2
In base 4, what is 11 + 3330011102?
3330011113
In base 15, what is -4570b - 387?
-45a93
In base 15, what is 3 + -11425ea?
-11425e7
In base 13, what is -64372 - -6?
-64369
In base 11, what is 325 + 2618?
2942
In base 5, what is -311001102003 - 10?
-311001102013
In base 6, what is -4521400 - 211?
-4522011
In base 10, what is 5 - 186721844?
-186721839
In base 2, what is 10001010100110111 - 1000000110?
10001001100110001
In base 14, what is -33 - -15764?
15731
In base 4, what is -1013 + -11020110?
-11021123
In base 8, what is 3 + -1327043342?
-1327043337
In base 14, what is 114d028a + -4?
114d0286
In base 12, what is 13498b + -194b?
133040
In base 12, what is -41 + -6b44?
-6b85
In base 4, what is -10 - 103203002022220?
-103203002022230
In base 4, what is -31303 - -33301?
1332
In base 5, what is 10 - -3334212211?
3334212221
In base 12, what is -3 + -722b11?
-722b14
In base 14, what is 16460 + -280?
161c0
In base 4, what is 2222 - 3310132300?
-3310130012
In base 16, what is -7 - -208044f?
2080448
In base 13, what is -1c - 98999?
-989b8
In base 8, what is 217056 + 3020?
222076
In base 12, what is 55 + -543b03?
-543a6a
In base 16, what is 4597aa + -5?
4597a5
In base 2, what is 1100000010011010 + 11100000?
1100000101111010
In base 12, what is 5445374b - -3?
54453752
In base 7, what is 4044613 - -104?
4045020
In base 8, what is 2 - -72217747?
72217751
In base 8, what is -114163 - -267?
-113674
In base 8, what is 4520 - 312565?
-306045
In base 16, what is 558c - -98?
5624
In base 9, what is 28622 + -871?
27641
In base 8, what is -111370 + -1723?
-113313
In base 7, what is 1151 - -312401?
313552
In base 15, what is 1c - -1848e0?
18490c
In base 11, what is 1954127 + 0?
1954127
In base 12, what is 7 - 390586?
-39057b
In base 3, what is 1102 - -110021002001?
110021010110
In base 3, what is -12221221102220 - -20?
-12221221102200
In base 14, what is -149b7 + 187?
-14830
In base 7, what is -1213 - 24425?
-25641
In base 9, what is -28764162 + -1?
-28764163
In base 3, what is -1120021212 + -21120010?
-1211211222
In base 10, what is 286 - -38636?
38922
In base 4, what is 22233 - 1120323?
-1032030
In base 14, what is 194c11 - 5?
194c0a
In base 7, what is 1466205161 + -2?
1466205156
In base 7, what is 0 + 6303551062?
6303551062
In base 12, what is 8339661 + -5?
8339658
In base 8, what is 77207 - 626?
76361
In base 3, what is -1 + 200021200021112012?
200021200021112011
In base 10, what is -4022916 - 24?
-4022940
In base 10, what is -1690921 + 40?
-1690881
In base 3, what is 12 + 2221122222121?
2221122222210
In base 8, what is 1637 - 561351?
-557512
In base 14, what is 2cc19 - 1?
2cc18
In base 9, what is -46 + 1303216?
1303160
In base 12, what is 2ab24 + -3496?
2764a
In base 12, what is -634 + 17474?
16a40
In base 3, what is -1221110011111110002 + -12?
-1221110011111110021
In base 11, what is -29 - 83a884?
-83a902
In base 4, what is 11221011002013 - 11?
11221011002002
In base 8, what is 1623 + -35652?
-34027
In base 15, what is -4 - -24311e?
24311a
In base 5, what is 433 - 10202330?
-10201342
In base 16, what is 6 + -8cfff15?
-8cfff0f
In base 11, what is 4796a3 + 91?
479784
In base 8, what is -3 + 221216006?
221216003
In base 4, what is -100 - -113030033202?
113030033102
In base 13, what is -19 - 205b88?
-205ba4
In base 14, what is -26a7 - -419?
-228c
In base 15, what is -4 + 674e28?
674e24
In base 6, what is -10 - 124240155?
-124240205
In base 8, what is 1401751 - 3?
1401746
In base 13, what is -1b76 + -c35a?
-11203
In base 9, what is -5188 - 357572?
-363771
In base 9, what is -63 + -2843783?
-2843856
In base 2, what is -11010011 - -101101101110101010110?
101101101110010000011
In base 2, what is -11001010101010000011010000 + 11?
-11001010101010000011001101
In base 16, what is -3b10af1 - -2?
-3b10aef
In base 13, what is 47249b5 - -a?
47249c2
In base 8, what is 712 - 14216?
-13304
In base 4, what is -13 - -11032010202020?
11032010202001
In base 12, what is -4a50 + -aba?
-594a
In base 7, what is 24603 - 116?
24454
In base 4, what is 10301230 - 112231?
10122333
In base 9, what is 288 + 63637?
64036
In base 5, what is -2134424 + -1112442?
-3302421
In base 2, what is 100010010010000101 - 10100110000?
100001111101010101
In base 4, what is 2321102 - -131301?
3113003
In base 8, what is -73013451 + -3?
-73013454
In base 16, what is -6 + -15b28fc?
-15b2902
In base 13, what is b3a + 13518?
14355
In base 15, what is -4 - -7236944?
7236940
In base 9, what is -1312 - 101004?
-102316
In base 7, what is -2 - 361563065?
-361563100
In base 9, what is -26 + 3351510?
3351473
In base 12, what is -3a